{"id":81,"date":"2024-12-26T23:42:35","date_gmt":"2024-12-26T22:42:35","guid":{"rendered":"https:\/\/16min.fr\/?page_id=81"},"modified":"2025-02-26T08:45:48","modified_gmt":"2025-02-26T07:45:48","slug":"conditions-de-participation","status":"publish","type":"page","link":"https:\/\/16min.fr\/inscription\/conditions-de-participation\/","title":{"rendered":"Conditions de participation"},"content":{"rendered":"<h3>1. Organisateur<\/h3>\n<p>Les initiatives de type \u00ab parcours d\u2019\u00e9criture \u00bb sont organis\u00e9es par l\u2019association loi 1901 \u00ab Racontez-leur votre histoire \u00bb 32 rue H. Faisans \u00e0 64000 Pau.<\/p>\n<div class=\"single-content\">\n<h3>2. Participants<\/h3>\n<p>Le concours est ouvert \u00e0 toute personne physique de plus de 18 ans au moment de sa participation.<br \/>\nLes participants doivent \u00eatre francophones, car l\u2019initiative est organis\u00e9e uniquement en langue fran\u00e7aise.<\/p>\n<\/div>\n<div class=\"single-content\">\n<h3>3. Participation<\/h3>\n<p>La participation aux \u00ab parcours d\u2019\u00e9criture \u00bb est gratuite pour les membres de l\u2019association, en ordre de cotisation annuelle, et pour les donateurs.<br \/>\nLes participants qui ne sont pas membres de l\u2019association ou pas en ordre de cotisation devront payer une \u00ab participation aux frais \u00bb qui correspond \u00e0 une \u00ab cotisation provisoire \u00bb \u00e0 l\u2019association par tranche de 30 jours.<\/p>\n<p>Si le participant d\u00e9cide d\u2019abandonner, aucun remboursement ne sera possible des sommes d\u00e9j\u00e0 vers\u00e9es.<br \/>\nCette cotisation provisoire ne leur donne pas acc\u00e8s \u00e0 l\u2019ensemble des services de l\u2019association mais uniquement leur permet de participer au parcours choisi.<br \/>\nCette dur\u00e9e de 30 jours peut \u00eatre prolong\u00e9e une \u00e0 deux fois, en fonction du type de parcours (avec chaque fois la n\u00e9cessit\u00e9 de payer la \u00ab cotisation provisoire \u00bb pour chaque p\u00e9riode suppl\u00e9mentaire).<br \/>\nAu-del\u00e0 de ce d\u00e9lai de 60 ou 90 jours (suivant le type de prolongation disponible), les participants devront se faire membres de l\u2019association et payer leur cotisation annuelle pour continuer \u00e0 b\u00e9n\u00e9ficier des services de l\u2019association.<\/p>\n<\/div>\n<div class=\"single-content\">\n<h3>4. D\u00e9roulement<\/h3>\n<p>En s\u2019inscrivant, le participant accepte ces conditions de participation dans leur totalit\u00e9 et sans r\u00e9serve.<\/p>\n<p>Durant la p\u00e9riode du \u00ab parcours d\u2019\u00e9criture \u00bb, l\u2019association fera son possible pour aider, conseiller et coacher les participants en fonction de ses moyens humains et financiers.<br \/>\nEn revanche, les participants acceptent ce fait et s\u2019engagent \u00e0 ne pas abuser du temps et des moyens des b\u00e9n\u00e9voles de l\u2019association.<\/p>\n<p>Si des moyens techniques ou organisationnels entravent l\u2019inscription, les e-mails, les s\u00e9ances de coaching ou la communication avec les participants, l\u2019organisateur ne pourra pas \u00eatre tenu responsable en cas d\u2019impossibilit\u00e9 de participation.<\/p>\n<\/div>\n<div class=\"single-content\">\n<h3>5. Donn\u00e9es personnelles<\/h3>\n<p>Le participant accepte que, dans le cadre de cette initiative, ses donn\u00e9es personnelles soient collect\u00e9es et trait\u00e9es par l\u2019organisateur et\/ou des partenaires sp\u00e9cialement mandat\u00e9s dans le respect de la loi europ\u00e9enne sur la protection des donn\u00e9es.<\/p>\n<\/div>\n<div class=\"single-content\">\n<h3>6. Comportements des participants<\/h3>\n<p>L\u2019organisateur est libre d\u2019annuler tout ou partie le \u00ab parcours d\u2019\u00e9criture \u00bb en cas d\u2019irr\u00e9gularit\u00e9s, notamment par voie informatique.<br \/>\nDe la m\u00eame mani\u00e8re, certaines personnes pourront \u00eatre exclues de l\u2019activit\u00e9 si leur comportement entrave le bon d\u00e9roulement de celle-ci. Aucun remboursement ne sera possible.<\/p>\n<\/div>\n<div class=\"single-content\">\n<h3>7. Responsabilit\u00e9<\/h3>\n<p>L\u2019organisateur se r\u00e9serve le droit d\u2019\u00e9courter, de prolonger, de modifier ou d\u2019annuler sans pr\u00e9avis tout ou partie de ce cette initiative si les circonstances l\u2019y obligent. Sa responsabilit\u00e9 ne saura \u00eatre engag\u00e9e de ce fait et aucune indemnisation ne pourra lui \u00eatre r\u00e9clam\u00e9e \u00e0 ce titre.<\/p>\n<p>Celui-ci rappelle aux participants les caract\u00e9ristiques et les limites du r\u00e9seau Internet et d\u00e9cline toute responsabilit\u00e9 quant aux cons\u00e9quences de la connexion des participants \u00e0 ce r\u00e9seau dans les \u00e9tapes de participation au \u00ab parcours d\u2019\u00e9criture \u00bb, y compris en ce qui concerne la r\u00e9ception des e-mails.<\/p>\n<p>En outre, l\u2019organisateur ne saurait \u00eatre tenu pour responsable de dommages mat\u00e9riels et immat\u00e9riels caus\u00e9s aux participants, \u00e0 leurs \u00e9quipements informatiques et aux donn\u00e9es qui y sont stock\u00e9es, ainsi que des cons\u00e9quences pouvant en d\u00e9couler sur leurs activit\u00e9s personnelles, professionnelles ou commerciales.<\/p>\n<\/div>\n<div class=\"single-content\">\n<h3>8. For et droit applicable<\/h3>\n<p>En cas de litige concernant l\u2019interpr\u00e9tation et l\u2019application des pr\u00e9sentes conditions de participation, une solution amiable sera recherch\u00e9e. Au cas o\u00f9 aucune solution amiable ne serait trouv\u00e9e, le for est \u00e0 64000 Pau (France). Le droit fran\u00e7ais est applicable.<\/p>\n<\/div>\n","protected":false},"excerpt":{"rendered":"<p>1. Organisateur Les initiatives de type \u00ab parcours d\u2019\u00e9criture \u00bb sont organis\u00e9es par l\u2019association loi 1901 \u00ab Racontez-leur votre histoire \u00bb 32 rue H. Faisans \u00e0 64000 Pau. 2. Participants Le concours est ouvert \u00e0 toute personne physique de plus de 18 ans au moment de sa participation. Les participants doivent \u00eatre francophones, car l\u2019initiative &#8230; <a title=\"Conditions de participation\" class=\"read-more\" href=\"https:\/\/16min.fr\/inscription\/conditions-de-participation\/\" aria-label=\"En savoir plus sur Conditions de participation\">Lire la suite<\/a><\/p>\n","protected":false},"author":1,"featured_media":0,"parent":0,"menu_order":0,"comment_status":"closed","ping_status":"closed","template":"","meta":{"footnotes":""},"class_list":["post-81","page","type-page","status-publish"],"_links":{"self":[{"href":"https:\/\/16min.fr\/inscription\/wp-json\/wp\/v2\/pages\/81","targetHints":{"allow":["GET"]}}],"collection":[{"href":"https:\/\/16min.fr\/inscription\/wp-json\/wp\/v2\/pages"}],"about":[{"href":"https:\/\/16min.fr\/inscription\/wp-json\/wp\/v2\/types\/page"}],"author":[{"embeddable":true,"href":"https:\/\/16min.fr\/inscription\/wp-json\/wp\/v2\/users\/1"}],"replies":[{"embeddable":true,"href":"https:\/\/16min.fr\/inscription\/wp-json\/wp\/v2\/comments?post=81"}],"version-history":[{"count":4,"href":"https:\/\/16min.fr\/inscription\/wp-json\/wp\/v2\/pages\/81\/revisions"}],"predecessor-version":[{"id":122,"href":"https:\/\/16min.fr\/inscription\/wp-json\/wp\/v2\/pages\/81\/revisions\/122"}],"wp:attachment":[{"href":"https:\/\/16min.fr\/inscription\/wp-json\/wp\/v2\/media?parent=81"}],"curies":[{"name":"wp","href":"https:\/\/api.w.org\/{rel}","templated":true}]}}